{"id":1420,"date":"2014-09-10T12:55:57","date_gmt":"2014-09-10T10:55:57","guid":{"rendered":"http:\/\/vario-shirts.com\/?post_type=product&#038;p=1420"},"modified":"2025-03-24T12:26:47","modified_gmt":"2025-03-24T10:26:47","slug":"wickelstylekleid-no-2-mit-34-arm","status":"publish","type":"product","link":"https:\/\/vario-shirts.com\/?product=wickelstylekleid-no-2-mit-34-arm","title":{"rendered":"Wickelstyle Kleid No.2 mit Dreiviertelarm"},"content":{"rendered":"<p>Supersch\u00f6nes und bequemes Kleid. Es sieht aus wie ein Wickelkleid, ist aber zusammengen\u00e4ht und kann einfach \u00fcber den Kopf angezogen werden. Damit ist man zu fast jedem Anlass perfekt gekleidet.<\/p>\n<p>Es ist relativ schmal im Brustbereich und etwas weiter im H\u00fcftbereich, so dass man es auch bei etwas st\u00e4rkeren H\u00fcften tragen kann.<\/p>\n<p>Das Kleid ist sehr vielseitig und kann solo oder \u00fcber Leggings getragen werden.<\/p>\n<p>reinschl\u00fcpfen-wohlf\u00fchlen-gut aussehen<\/p>\n<p>Unser Wickelstylekleid No. 2 ist etwas geschlossener als das 2-farbige, zeigt also nicht ganz so viel Dekollet\u00e9.<\/p>\n<p>inl. G\u00fcrtel: ca. 5 x 150 cm<\/p>\n<p><strong>L\u00e4nge:<\/strong><br \/>\nca. 85 cm<br \/>\nca. 95 cm (zzgl. 15,00 EUR)<br \/>\nca. 105 cm (zzgl. 30,00 EUR)<br \/>\nbitte bei den Optionen w\u00e4hlen<\/p>\n<p><strong>Gr\u00f6\u00dfe:<\/strong><br \/>\nKann in Gr\u00f6\u00dfe 32, 34, 36, 38, 40, 42, 44 oder 46 gefertigt werden.<br \/>\nBitte die Ma\u00dftabelle bei den Bildern beachten, die Gr\u00f6\u00dfen fallen vergleichsweise klein aus!<\/p>\n<p><strong>Material:<\/strong><br \/>\nViskose-Jersey, 96% Viskose, 4% Elasthan<br \/>\n\u00d6ko-Tex Standard 100 zertifiziert, in Deutschland hergestellt<\/p>\n<p><strong>Pflege:<\/strong><br \/>\nWaschen: 30\u00b0 C Feinw\u00e4sche<br \/>\nB\u00fcgeln: 1 Punkt<br \/>\nTrockner: nein<\/p>\n<p><strong>Herkunft: <\/strong><br \/>\nDieses Kleidungsst\u00fcck wird innerhalb von 2-9 Werktagen (Mo-Fr) nach Bestellung und Zahlungseingang zugeschnitten und gen\u00e4ht (Schnitt und Design sind nat\u00fcrlich von mir).<br \/>\nMade in Germany \/ Brandenburg \/ Elbe-Elster<\/p>\n<p>Das Model ist 172 cm gro\u00df.<\/p>\n","protected":false},"excerpt":{"rendered":"<p>Supersch\u00f6nes und bequemes Kleid. Es sieht aus wie ein Wickelkleid, ist aber zusammengen\u00e4ht und kann einfach \u00fcber den Kopf angezogen werden. Damit ist man zu fast jedem Anlass perfekt gekleidet. Es ist relativ schmal im Brustbereich und etwas weiter im &hellip; <a href=\"https:\/\/vario-shirts.com\/?product=wickelstylekleid-no-2-mit-34-arm\">Weiterlesen <span class=\"meta-nav\">&rarr;<\/span><\/a><\/p>\n","protected":false},"featured_media":1422,"comment_status":"open","ping_status":"closed","template":"","meta":[],"product_cat":[209,131,315],"product_tag":[213,309,172,317,318,344,346],"_links":{"self":[{"href":"https:\/\/vario-shirts.com\/index.php?rest_route=\/wp\/v2\/product\/1420"}],"collection":[{"href":"https:\/\/vario-shirts.com\/index.php?rest_route=\/wp\/v2\/product"}],"about":[{"href":"https:\/\/vario-shirts.com\/index.php?rest_route=\/wp\/v2\/types\/product"}],"replies":[{"embeddable":true,"href":"https:\/\/vario-shirts.com\/index.php?rest_route=%2Fwp%2Fv2%2Fcomments&post=1420"}],"wp:featuredmedia":[{"embeddable":true,"href":"https:\/\/vario-shirts.com\/index.php?rest_route=\/wp\/v2\/media\/1422"}],"wp:attachment":[{"href":"https:\/\/vario-shirts.com\/index.php?rest_route=%2Fwp%2Fv2%2Fmedia&parent=1420"}],"wp:term":[{"taxonomy":"product_cat","embeddable":true,"href":"https:\/\/vario-shirts.com\/index.php?rest_route=%2Fwp%2Fv2%2Fproduct_cat&post=1420"},{"taxonomy":"product_tag","embeddable":true,"href":"https:\/\/vario-shirts.com\/index.php?rest_route=%2Fwp%2Fv2%2Fproduct_tag&post=1420"}],"curies":[{"name":"wp","href":"https:\/\/api.w.org\/{rel}","templated":true}]}}