{"id":1641,"date":"2015-01-06T13:26:10","date_gmt":"2015-01-06T11:26:10","guid":{"rendered":"https:\/\/vario-shirts.com\/?post_type=product&#038;p=1641"},"modified":"2025-03-24T14:06:11","modified_gmt":"2025-03-24T12:06:11","slug":"stoffguertel-haarband-halsband","status":"publish","type":"product","link":"https:\/\/vario-shirts.com\/?product=stoffguertel-haarband-halsband","title":{"rendered":"Stoffg\u00fcrtel, Haarband, Halsband"},"content":{"rendered":"<p>Dieses Band ist ca. 150 cm lang und ca. 5 cm breit und kann sehr vielseitig genutzt werden.<\/p>\n<p>Es kann als G\u00fcrtel unter der Brust, um die Taille oder H\u00fcfte getragen werden, je nachdem was Ihr betonen oder wovon Ihr ablenken wollt.<br \/>\nIhr k\u00f6nnt es um den Kopf als Stirnband oder Haarband wickeln.<br \/>\nUm den Hals gebunden kann es wie eine Kette oder Krawatte wirken.<\/p>\n<p>Es wird aus dem gleichen Stoff wie die Shirts, Tuniken und Kleider gefertigt und passt somit perfekt dazu.<\/p>\n<p>Tolles Geschenk f\u00fcr Freundin, Schwester, Oma oder (Schwieger-)Mama. Oder einfach sich selbst mal etwas Sch\u00f6nes g\u00f6nnen!<\/p>\n<p><strong>Material:<\/strong><br \/>\nViskose-Jersey, 96% Viskose, 4% Elasthan<br \/>\n\u00d6ko-Tex Standard 100 zertifiziert, in Deutschland hergestellt<\/p>\n<p><strong>Pflege:<\/strong><br \/>\nWaschen: 30\u00b0 C Feinw\u00e4sche<br \/>\nB\u00fcgeln: 1 Punkt<br \/>\nTrockner: nein<\/p>\n<p><strong>Herkunft<\/strong>:<br \/>\nDieses Kleidungsst\u00fcck wird innerhalb von 2-9 Werktagen (Mo-Fr) nach Bestellung und Zahlungseingang zugeschnitten und gen\u00e4ht (Schnitt und Design sind nat\u00fcrlich von mir).<br \/>\nMade in Germany \/ Brandenburg \/ Elbe-Elster<\/p>\n","protected":false},"excerpt":{"rendered":"<p>Dieses Band ist ca. 150 cm lang und ca. 5 cm breit und kann sehr vielseitig genutzt werden. Es kann als G\u00fcrtel unter der Brust, um die Taille oder H\u00fcfte getragen werden, je nachdem was Ihr betonen oder wovon Ihr &hellip; <a href=\"https:\/\/vario-shirts.com\/?product=stoffguertel-haarband-halsband\">Weiterlesen <span class=\"meta-nav\">&rarr;<\/span><\/a><\/p>\n","protected":false},"featured_media":4384,"comment_status":"open","ping_status":"closed","template":"","meta":[],"product_cat":[187,188,359],"product_tag":[354,318],"_links":{"self":[{"href":"https:\/\/vario-shirts.com\/index.php?rest_route=\/wp\/v2\/product\/1641"}],"collection":[{"href":"https:\/\/vario-shirts.com\/index.php?rest_route=\/wp\/v2\/product"}],"about":[{"href":"https:\/\/vario-shirts.com\/index.php?rest_route=\/wp\/v2\/types\/product"}],"replies":[{"embeddable":true,"href":"https:\/\/vario-shirts.com\/index.php?rest_route=%2Fwp%2Fv2%2Fcomments&post=1641"}],"wp:featuredmedia":[{"embeddable":true,"href":"https:\/\/vario-shirts.com\/index.php?rest_route=\/wp\/v2\/media\/4384"}],"wp:attachment":[{"href":"https:\/\/vario-shirts.com\/index.php?rest_route=%2Fwp%2Fv2%2Fmedia&parent=1641"}],"wp:term":[{"taxonomy":"product_cat","embeddable":true,"href":"https:\/\/vario-shirts.com\/index.php?rest_route=%2Fwp%2Fv2%2Fproduct_cat&post=1641"},{"taxonomy":"product_tag","embeddable":true,"href":"https:\/\/vario-shirts.com\/index.php?rest_route=%2Fwp%2Fv2%2Fproduct_tag&post=1641"}],"curies":[{"name":"wp","href":"https:\/\/api.w.org\/{rel}","templated":true}]}}