{"id":2598,"date":"2019-10-31T12:35:26","date_gmt":"2019-10-31T10:35:26","guid":{"rendered":"https:\/\/vario-shirts.com\/?post_type=product&#038;p=2598"},"modified":"2025-03-12T16:48:12","modified_gmt":"2025-03-12T14:48:12","slug":"fledermausshirt-v1-mit-grossem-rollkragen-und-langarm-mit-weitem-unterarm","status":"publish","type":"product","link":"https:\/\/vario-shirts.com\/?product=fledermausshirt-v1-mit-grossem-rollkragen-und-langarm-mit-weitem-unterarm","title":{"rendered":"Fledermaus Shirt No.2 mit Rollkragen, Langarm und weitem Unterarm, aus Baumwolljersey"},"content":{"rendered":"<p>Gem\u00fctliches Shirt mit Fledermaus\u00e4rmeln, die viel Luft bzw. Bewegungsfreiheit unter den Achseln zulassen. Die \u00c4rmel sind am Unterarm weit geschnitten (das Shirt ist auch mit schmalen Unterarmen erh\u00e4ltlich). Der gro\u00dfe, weite Rollkragen kann unterschiedlich gekrempelt bzw. gelegt werden.<br \/>\nDieses Langarm-Shirt hat eine diagonale Teilungsnaht im Vorderteil und keine Schulternaht.<\/p>\n<p><strong>L\u00e4nge:<\/strong> ca. 60 cm<\/p>\n<p><strong>Gr\u00f6\u00dfe:<\/strong><br \/>\nKann in Gr\u00f6\u00dfe 36\/38, 40\/42 oder 44\/46 gefertigt werden.<br \/>\nBitte die Ma\u00dftabelle bei den Bildern beachten, die Gr\u00f6\u00dfen fallen vergleichsweise klein aus!<\/p>\n<p><strong>Material<\/strong>:<br \/>\nBaumwoll-Jersey,<br \/>\n95% Baumwolle, 5% Elasthan<br \/>\n* = BioBaumwolle, GOTS zertifiziert, in Deutschland hergestellt<br \/>\n** = \u00d6ko-Tex Standard 100 zertifiziert, in Deutschland hergestellt<br \/>\n*** = BioBaumwolle, GOTS zertifiziert<\/p>\n<p><strong>Pflege<\/strong>:<br \/>\nWaschen: 30\u00b0 C Feinw\u00e4sche<br \/>\nB\u00fcgeln: 1 Punkt<br \/>\nTrockner: nein<\/p>\n<p><strong>Herkunft<\/strong>:<br \/>\nDieses Kleidungsst\u00fcck wird innerhalb von 2-9 Werktagen (Mo-Fr) nach Bestellung und Zahlungseingang zugeschnitten und gen\u00e4ht (Schnitt und Design sind nat\u00fcrlich von mir).<br \/>\nMade in Germany \/ Brandenburg \/ Elbe-Elster<\/p>\n<p>Das Model ist 172 cm gro\u00df und tr\u00e4gt ein <a href=\"https:\/\/vario-shirts.com\/?product=bauchband-zum-wenden-aus-biobaumwolle\">Bauchband zum Wenden<\/a> unter dem Shirt bzw. \u00fcber der Hose.<\/p>\n","protected":false},"excerpt":{"rendered":"<p>Gem\u00fctliches Shirt mit Fledermaus\u00e4rmeln, die viel Luft bzw. Bewegungsfreiheit unter den Achseln zulassen. Die \u00c4rmel sind am Unterarm weit geschnitten (das Shirt ist auch mit schmalen Unterarmen erh\u00e4ltlich). Der gro\u00dfe, weite Rollkragen kann unterschiedlich gekrempelt bzw. gelegt werden. Dieses Langarm-Shirt &hellip; <a href=\"https:\/\/vario-shirts.com\/?product=fledermausshirt-v1-mit-grossem-rollkragen-und-langarm-mit-weitem-unterarm\">Weiterlesen <span class=\"meta-nav\">&rarr;<\/span><\/a><\/p>\n","protected":false},"featured_media":2601,"comment_status":"open","ping_status":"closed","template":"","meta":[],"product_cat":[189],"product_tag":[382,318],"_links":{"self":[{"href":"https:\/\/vario-shirts.com\/index.php?rest_route=\/wp\/v2\/product\/2598"}],"collection":[{"href":"https:\/\/vario-shirts.com\/index.php?rest_route=\/wp\/v2\/product"}],"about":[{"href":"https:\/\/vario-shirts.com\/index.php?rest_route=\/wp\/v2\/types\/product"}],"replies":[{"embeddable":true,"href":"https:\/\/vario-shirts.com\/index.php?rest_route=%2Fwp%2Fv2%2Fcomments&post=2598"}],"wp:featuredmedia":[{"embeddable":true,"href":"https:\/\/vario-shirts.com\/index.php?rest_route=\/wp\/v2\/media\/2601"}],"wp:attachment":[{"href":"https:\/\/vario-shirts.com\/index.php?rest_route=%2Fwp%2Fv2%2Fmedia&parent=2598"}],"wp:term":[{"taxonomy":"product_cat","embeddable":true,"href":"https:\/\/vario-shirts.com\/index.php?rest_route=%2Fwp%2Fv2%2Fproduct_cat&post=2598"},{"taxonomy":"product_tag","embeddable":true,"href":"https:\/\/vario-shirts.com\/index.php?rest_route=%2Fwp%2Fv2%2Fproduct_tag&post=2598"}],"curies":[{"name":"wp","href":"https:\/\/api.w.org\/{rel}","templated":true}]}}