{"id":3019,"date":"2020-05-15T09:54:49","date_gmt":"2020-05-15T07:54:49","guid":{"rendered":"https:\/\/vario-shirts.com\/?post_type=product&#038;p=3019"},"modified":"2025-03-12T18:17:24","modified_gmt":"2025-03-12T16:17:24","slug":"neckholdertop-mit-schleife-und-buendchen-aus-viskosejersey","status":"publish","type":"product","link":"https:\/\/vario-shirts.com\/?product=neckholdertop-mit-schleife-und-buendchen-aus-viskosejersey","title":{"rendered":"Neckholder Top No.1 mit Schleife und B\u00fcndchen, aus Viskosejersey"},"content":{"rendered":"<p>Wundersch\u00f6nes, r\u00fcckenfreies Top mit einem Band, welches vorn oder im R\u00fccken zur Schleife gebunden werden kann. Am Saum ist ein B\u00fcndchen.<\/p>\n<p><strong>L\u00e4nge<\/strong>: ca. 55 cm<\/p>\n<p><strong>Gr\u00f6\u00dfe<\/strong>:<br \/>\nKann in Gr\u00f6\u00dfe 32, 34, 36, 38, 40, 42, 44 oder 46 gefertigt werden.<br \/>\nBitte die Ma\u00dftabelle bei den Bildern beachten, die Gr\u00f6\u00dfen fallen vergleichsweise klein aus!<\/p>\n<p><strong>Schnittform<\/strong>:<br \/>\ngerade geschnitten<\/p>\n<p><strong>Material:<\/strong><br \/>\nViskose-Jersey, 96% Viskose, 4% Elasthan<br \/>\n\u00d6ko-Tex Standard 100 zertifiziert, in Deutschland hergestellt<\/p>\n<p><strong>Pflege:<\/strong><br \/>\nWaschen: 30\u00b0 C Feinw\u00e4sche<br \/>\nB\u00fcgeln: 1 Punkt<br \/>\nTrockner: nein<\/p>\n<p><strong>Herkunft<\/strong>:<br \/>\nDieses Kleidungsst\u00fcck wird innerhalb von 2-9 Werktagen (Mo-Fr) nach Bestellung und Zahlungseingang zugeschnitten und gen\u00e4ht (Schnitt und Design sind nat\u00fcrlich von mir).<br \/>\nMade in Germany \/ Brandenburg \/ Elbe-Elster<\/p>\n","protected":false},"excerpt":{"rendered":"<p>Wundersch\u00f6nes, r\u00fcckenfreies Top mit einem Band, welches vorn oder im R\u00fccken zur Schleife gebunden werden kann. Am Saum ist ein B\u00fcndchen. L\u00e4nge: ca. 55 cm Gr\u00f6\u00dfe: Kann in Gr\u00f6\u00dfe 32, 34, 36, 38, 40, 42, 44 oder 46 gefertigt werden. &hellip; <a href=\"https:\/\/vario-shirts.com\/?product=neckholdertop-mit-schleife-und-buendchen-aus-viskosejersey\">Weiterlesen <span class=\"meta-nav\">&rarr;<\/span><\/a><\/p>\n","protected":false},"featured_media":3022,"comment_status":"open","ping_status":"closed","template":"","meta":[],"product_cat":[136,207,314],"product_tag":[477,309,318,319,369,274],"_links":{"self":[{"href":"https:\/\/vario-shirts.com\/index.php?rest_route=\/wp\/v2\/product\/3019"}],"collection":[{"href":"https:\/\/vario-shirts.com\/index.php?rest_route=\/wp\/v2\/product"}],"about":[{"href":"https:\/\/vario-shirts.com\/index.php?rest_route=\/wp\/v2\/types\/product"}],"replies":[{"embeddable":true,"href":"https:\/\/vario-shirts.com\/index.php?rest_route=%2Fwp%2Fv2%2Fcomments&post=3019"}],"wp:featuredmedia":[{"embeddable":true,"href":"https:\/\/vario-shirts.com\/index.php?rest_route=\/wp\/v2\/media\/3022"}],"wp:attachment":[{"href":"https:\/\/vario-shirts.com\/index.php?rest_route=%2Fwp%2Fv2%2Fmedia&parent=3019"}],"wp:term":[{"taxonomy":"product_cat","embeddable":true,"href":"https:\/\/vario-shirts.com\/index.php?rest_route=%2Fwp%2Fv2%2Fproduct_cat&post=3019"},{"taxonomy":"product_tag","embeddable":true,"href":"https:\/\/vario-shirts.com\/index.php?rest_route=%2Fwp%2Fv2%2Fproduct_tag&post=3019"}],"curies":[{"name":"wp","href":"https:\/\/api.w.org\/{rel}","templated":true}]}}