{"id":3046,"date":"2020-05-16T08:49:39","date_gmt":"2020-05-16T06:49:39","guid":{"rendered":"https:\/\/vario-shirts.com\/?post_type=product&#038;p=3046"},"modified":"2025-03-24T09:09:49","modified_gmt":"2025-03-24T07:09:49","slug":"neckholder-top-mit-tunnelzug-und-buendchen","status":"publish","type":"product","link":"https:\/\/vario-shirts.com\/?product=neckholder-top-mit-tunnelzug-und-buendchen","title":{"rendered":"Neckholder Top No.1 mit Tunnelzug und B\u00fcndchen"},"content":{"rendered":"<p>Wundersch\u00f6nes r\u00fcckenfreies Top mit B\u00fcndchen am Saum.<br \/>\nDas Vorderteil kann, je nach Wunsch, oben eng zusammengeschoben oder relativ breit auseinandergezogen werden. Das durchgezogene Band wird im R\u00fccken geknotet. Die Schleife kann aber auch nach vorn geschoben werden, oder das Band wird im R\u00fccken gekreuzt und unter der Brust geknotet.<\/p>\n<p><strong>L\u00e4nge<\/strong>: ca. 55 cm<\/p>\n<p><strong>Gr\u00f6\u00dfe<\/strong>:<br \/>\nKann in Gr\u00f6\u00dfe 32, 34, 36, 38, 40, 42, 44 oder 46 gefertigt werden.<br \/>\nBitte die Ma\u00dftabelle bei den Bildern beachten, die Gr\u00f6\u00dfen fallen vergleichsweise klein aus!<\/p>\n<p><strong>Schnittform<\/strong>:<br \/>\ngerade geschnitten<\/p>\n<p><strong>Material:<\/strong><br \/>\nViskose-Jersey, 96% Viskose, 4% Elasthan<br \/>\n\u00d6ko-Tex Standard 100 zertifiziert, in Deutschland hergestellt<\/p>\n<p><strong>Pflege:<\/strong><br \/>\nWaschen: 30\u00b0 C Feinw\u00e4sche<br \/>\nB\u00fcgeln: 1 Punkt<br \/>\nTrockner: nein<\/p>\n<p><strong>Herkunft<\/strong>:<br \/>\nDieses Kleidungsst\u00fcck wird innerhalb von 2-9 Werktagen (Mo-Fr) nach Bestellung und Zahlungseingang zugeschnitten und gen\u00e4ht (Schnitt und Design sind nat\u00fcrlich von mir).<br \/>\nMade in Germany \/ Brandenburg \/ Elbe-Elster<\/p>\n","protected":false},"excerpt":{"rendered":"<p>Wundersch\u00f6nes r\u00fcckenfreies Top mit B\u00fcndchen am Saum. Das Vorderteil kann, je nach Wunsch, oben eng zusammengeschoben oder relativ breit auseinandergezogen werden. Das durchgezogene Band wird im R\u00fccken geknotet. Die Schleife kann aber auch nach vorn geschoben werden, oder das Band &hellip; <a href=\"https:\/\/vario-shirts.com\/?product=neckholder-top-mit-tunnelzug-und-buendchen\">Weiterlesen <span class=\"meta-nav\">&rarr;<\/span><\/a><\/p>\n","protected":false},"featured_media":3048,"comment_status":"open","ping_status":"closed","template":"","meta":[],"product_cat":[136,207,314,310],"product_tag":[475,309,318,474,369,476],"_links":{"self":[{"href":"https:\/\/vario-shirts.com\/index.php?rest_route=\/wp\/v2\/product\/3046"}],"collection":[{"href":"https:\/\/vario-shirts.com\/index.php?rest_route=\/wp\/v2\/product"}],"about":[{"href":"https:\/\/vario-shirts.com\/index.php?rest_route=\/wp\/v2\/types\/product"}],"replies":[{"embeddable":true,"href":"https:\/\/vario-shirts.com\/index.php?rest_route=%2Fwp%2Fv2%2Fcomments&post=3046"}],"wp:featuredmedia":[{"embeddable":true,"href":"https:\/\/vario-shirts.com\/index.php?rest_route=\/wp\/v2\/media\/3048"}],"wp:attachment":[{"href":"https:\/\/vario-shirts.com\/index.php?rest_route=%2Fwp%2Fv2%2Fmedia&parent=3046"}],"wp:term":[{"taxonomy":"product_cat","embeddable":true,"href":"https:\/\/vario-shirts.com\/index.php?rest_route=%2Fwp%2Fv2%2Fproduct_cat&post=3046"},{"taxonomy":"product_tag","embeddable":true,"href":"https:\/\/vario-shirts.com\/index.php?rest_route=%2Fwp%2Fv2%2Fproduct_tag&post=3046"}],"curies":[{"name":"wp","href":"https:\/\/api.w.org\/{rel}","templated":true}]}}