{"id":4584,"date":"2021-01-15T11:02:57","date_gmt":"2021-01-15T09:02:57","guid":{"rendered":"https:\/\/vario-shirts.com\/?post_type=product&#038;p=4584"},"modified":"2025-03-24T17:10:18","modified_gmt":"2025-03-24T15:10:18","slug":"wendestulpen-aus-biobaumwolle","status":"publish","type":"product","link":"https:\/\/vario-shirts.com\/?product=wendestulpen-aus-biobaumwolle","title":{"rendered":"Wendestulpen  aus BioBaumwolle"},"content":{"rendered":"<p>Diese Stulpen sind wendbar. Man kann sie ein- oder zweifarbig, oben und\/oder unten umgeklappt, glatt oder etwas gerafft tragen.<\/p>\n<p><strong>L\u00e4nge:<\/strong>\u00a0ca. 37 cm (reichen etwas \u00fcber die Ellenbogen)<\/p>\n<p><strong>Gr\u00f6\u00dfe<\/strong>: Einheitsgr\u00f6\u00dfe passend f\u00fcr Gr\u00f6\u00dfe 34 bis 42<\/p>\n<p><strong>Farbe<\/strong>: je nach Wunsch ein- oder zweifarbig (bitte bei den Optionen ausw\u00e4hlen)<\/p>\n<p><strong>Material:<\/strong><br \/>\nBio-Baumwolle, 95% Baumwolle, 5% Elasthan<br \/>\nGOTS-zertifiziert<\/p>\n<p><strong>Pflege<\/strong>:<br \/>\nWaschen: 30\u00b0 C Feinw\u00e4sche<br \/>\nB\u00fcgeln: 1 Punkt<br \/>\nTrockner: nein<\/p>\n<p><strong>Herkunft: <\/strong><br \/>\nDieses Kleidungsst\u00fcck wird innerhalb von 2-9 Werktagen (Mo-Fr) nach Bestellung und Zahlungseingang zugeschnitten und gen\u00e4ht (Schnitt und Design sind nat\u00fcrlich von mir).<br \/>\nMade in Germany \/ Brandenburg \/ Elbe-Elster<\/p>\n","protected":false},"excerpt":{"rendered":"<p>L\u00e4nge: ca. 41 cm <a href=\"https:\/\/vario-shirts.com\/?product=wendestulpen-aus-biobaumwolle\">Weiterlesen <span class=\"meta-nav\">&rarr;<\/span><\/a><\/p>\n","protected":false},"featured_media":4585,"comment_status":"open","ping_status":"closed","template":"","meta":[],"product_cat":[187,121,359],"product_tag":[220,499,318,319,496],"_links":{"self":[{"href":"https:\/\/vario-shirts.com\/index.php?rest_route=\/wp\/v2\/product\/4584"}],"collection":[{"href":"https:\/\/vario-shirts.com\/index.php?rest_route=\/wp\/v2\/product"}],"about":[{"href":"https:\/\/vario-shirts.com\/index.php?rest_route=\/wp\/v2\/types\/product"}],"replies":[{"embeddable":true,"href":"https:\/\/vario-shirts.com\/index.php?rest_route=%2Fwp%2Fv2%2Fcomments&post=4584"}],"wp:featuredmedia":[{"embeddable":true,"href":"https:\/\/vario-shirts.com\/index.php?rest_route=\/wp\/v2\/media\/4585"}],"wp:attachment":[{"href":"https:\/\/vario-shirts.com\/index.php?rest_route=%2Fwp%2Fv2%2Fmedia&parent=4584"}],"wp:term":[{"taxonomy":"product_cat","embeddable":true,"href":"https:\/\/vario-shirts.com\/index.php?rest_route=%2Fwp%2Fv2%2Fproduct_cat&post=4584"},{"taxonomy":"product_tag","embeddable":true,"href":"https:\/\/vario-shirts.com\/index.php?rest_route=%2Fwp%2Fv2%2Fproduct_tag&post=4584"}],"curies":[{"name":"wp","href":"https:\/\/api.w.org\/{rel}","templated":true}]}}