{"id":5233,"date":"2022-09-15T08:19:58","date_gmt":"2022-09-15T06:19:58","guid":{"rendered":"https:\/\/vario-shirts.com\/?post_type=product&#038;p=5233"},"modified":"2025-03-24T18:49:26","modified_gmt":"2025-03-24T16:49:26","slug":"kleid-runa","status":"publish","type":"product","link":"https:\/\/vario-shirts.com\/?product=kleid-runa","title":{"rendered":"Kleid Runa, gr\u00fcnes Kleid, knielang mit langen \u00c4rmeln, V-Ausschnitt, Einzelst\u00fcck"},"content":{"rendered":"<p>Dieses Kleid ist etwas ganz Besonderes und es gibt es bisher nur 2 x, davon nur 1 x in Gr\u00fcn. Das Andere bleibt in meiner Familie. Vielleicht wird es in den n\u00e4chsten Jahren offiziell mit ins Programm aufgenommen.<\/p>\n<p>Es ist das Musterkleid f\u00fcr das erste Partykleid meiner Tochter. Leider m\u00f6chte sie es in dem Gr\u00fcn nicht tragen. Darum habt Ihr nun die M\u00f6glichkeit es zu erwerben.<\/p>\n<p>Das Kleid kann ganz schlicht \u201esolo\u201c oder mit G\u00fcrtel getragen werden.<\/p>\n<p>reinschl\u00fcpfen-wohlf\u00fchlen-gut aussehen<\/p>\n<p><strong>L\u00e4nge: <\/strong>ca. 95 cm oder<\/p>\n<p><strong>Gr\u00f6\u00dfe: <\/strong>\u00a032\/ 34<\/p>\n<p><strong>Material:<\/strong><br \/>\nViskose-Jersey, 96% Viskose, 4% Elasthan<br \/>\n\u00d6ko-Tex Standard 100 zertifiziert, in Deutschland hergestellt<\/p>\n<p><strong>Pflege:<\/strong><br \/>\nWaschen: 30\u00b0 C Feinw\u00e4sche<br \/>\nB\u00fcgeln: 1 Punkt<br \/>\nTrockner: nein<\/p>\n<p><strong>Herkunft: <\/strong><br \/>\nDas Design ist von meiner Tochter, Schnitt und Anfertigung sind von mir.<\/p>\n<p>Made in Germany \/ Brandenburg \/ Elbe-Elster<\/p>\n<p>&nbsp;<\/p>\n","protected":false},"excerpt":{"rendered":"<p>Dunkelgr\u00fcnes, knielanges Kleid aus Viskose-Jesey<\/p>\n<p>Gr\u00f6\u00dfe: 32\/34 <a href=\"https:\/\/vario-shirts.com\/?product=kleid-runa\">Weiterlesen <span class=\"meta-nav\">&rarr;<\/span><\/a><\/p>\n","protected":false},"featured_media":5236,"comment_status":"open","ping_status":"closed","template":"","meta":[],"product_cat":[209,315,490],"product_tag":[532,533,438,309,317,318,319],"_links":{"self":[{"href":"https:\/\/vario-shirts.com\/index.php?rest_route=\/wp\/v2\/product\/5233"}],"collection":[{"href":"https:\/\/vario-shirts.com\/index.php?rest_route=\/wp\/v2\/product"}],"about":[{"href":"https:\/\/vario-shirts.com\/index.php?rest_route=\/wp\/v2\/types\/product"}],"replies":[{"embeddable":true,"href":"https:\/\/vario-shirts.com\/index.php?rest_route=%2Fwp%2Fv2%2Fcomments&post=5233"}],"wp:featuredmedia":[{"embeddable":true,"href":"https:\/\/vario-shirts.com\/index.php?rest_route=\/wp\/v2\/media\/5236"}],"wp:attachment":[{"href":"https:\/\/vario-shirts.com\/index.php?rest_route=%2Fwp%2Fv2%2Fmedia&parent=5233"}],"wp:term":[{"taxonomy":"product_cat","embeddable":true,"href":"https:\/\/vario-shirts.com\/index.php?rest_route=%2Fwp%2Fv2%2Fproduct_cat&post=5233"},{"taxonomy":"product_tag","embeddable":true,"href":"https:\/\/vario-shirts.com\/index.php?rest_route=%2Fwp%2Fv2%2Fproduct_tag&post=5233"}],"curies":[{"name":"wp","href":"https:\/\/api.w.org\/{rel}","templated":true}]}}