{"id":69,"date":"2012-09-03T16:44:16","date_gmt":"2012-09-03T14:44:16","guid":{"rendered":"http:\/\/vario-shirts.com\/?post_type=product&#038;p=69"},"modified":"2025-03-24T11:47:12","modified_gmt":"2025-03-24T09:47:12","slug":"wasserfall-tunika-kleid-gerade-kurz-arm-lg85","status":"publish","type":"product","link":"https:\/\/vario-shirts.com\/?product=wasserfall-tunika-kleid-gerade-kurz-arm-lg85","title":{"rendered":"Wasserfall Kleid Kurzarm"},"content":{"rendered":"<p>Supersch\u00f6nes und bequemes Kleid mit Wasserfallausschnitt und kurzen \u00c4rmeln.<\/p>\n<p>Es ist schmal anliegend im Brustbereich und lockerer im Bauch- und H\u00fcftbereich, sodass man es auch bei <strong>etwas<\/strong> st\u00e4rkeren H\u00fcften tragen kann.<\/p>\n<p>Das Kleid ist sehr vielseitig und kann solo als Kleid oder \u00fcber schmalen Hosen, Shirts und Leggins getragen werden. Damit ist man zu fast jedem Anlass perfekt gekleidet.<\/p>\n<p>reinschl\u00fcpfen-wohlf\u00fchlen-gut aussehen<\/p>\n<p><strong>L\u00e4nge:<\/strong><br \/>\nca. 85 cm<br \/>\nca. 95 cm (zzgl. 15,00 EUR)<br \/>\nca. 105 cm (zzgl. 30,00 EUR)<br \/>\nbitte bei den Optionen w\u00e4hlen<\/p>\n<p><strong>Gr\u00f6\u00dfe<\/strong>:<br \/>\nKann in Gr\u00f6\u00dfe 32, 34, 36, 38, 40, 42, 44 oder 46 gefertigt werden.<br \/>\nBitte die Ma\u00dftabelle bei den Bildern beachten, die Gr\u00f6\u00dfen fallen vergleichsweise klein aus!<\/p>\n<p><strong>Material:<\/strong><br \/>\nViskose-Jersey, 96% Viskose, 4% Elasthan<br \/>\n\u00d6ko-Tex Standard 100 zertifiziert, in Deutschland hergestellt<\/p>\n<p><strong>Pflege:<\/strong><br \/>\nWaschen: 30\u00b0 C Feinw\u00e4sche<br \/>\nB\u00fcgeln: 1 Punkt<br \/>\nTrockner: nein<\/p>\n<p><strong>Herkunft: <\/strong><br \/>\nDieses Kleidungsst\u00fcck wird innerhalb von 2-9 Werktagen (Mo-Fr) nach Bestellung und Zahlungseingang zugeschnitten und gen\u00e4ht (Schnitt und Design sind nat\u00fcrlich von mir).<br \/>\nMade in Germany \/ Brandenburg \/ Elbe-Elster<\/p>\n<p>Das Model ist 172 cm gro\u00df und tr\u00e4gt das Kleid in Gr\u00f6\u00dfe 36.<\/p>\n","protected":false},"excerpt":{"rendered":"<p>Supersch\u00f6nes und bequemes Kleid mit Wasserfallausschnitt und kurzen \u00c4rmeln. Es ist schmal anliegend im Brustbereich und lockerer im Bauch- und H\u00fcftbereich, sodass man es auch bei etwas st\u00e4rkeren H\u00fcften tragen kann. Das Kleid ist sehr vielseitig und kann solo als &hellip; <a href=\"https:\/\/vario-shirts.com\/?product=wasserfall-tunika-kleid-gerade-kurz-arm-lg85\">Weiterlesen <span class=\"meta-nav\">&rarr;<\/span><\/a><\/p>\n","protected":false},"featured_media":1143,"comment_status":"open","ping_status":"closed","template":"","meta":[],"product_cat":[209,127,315],"product_tag":[170,309,172,341,317,318,132],"_links":{"self":[{"href":"https:\/\/vario-shirts.com\/index.php?rest_route=\/wp\/v2\/product\/69"}],"collection":[{"href":"https:\/\/vario-shirts.com\/index.php?rest_route=\/wp\/v2\/product"}],"about":[{"href":"https:\/\/vario-shirts.com\/index.php?rest_route=\/wp\/v2\/types\/product"}],"replies":[{"embeddable":true,"href":"https:\/\/vario-shirts.com\/index.php?rest_route=%2Fwp%2Fv2%2Fcomments&post=69"}],"wp:featuredmedia":[{"embeddable":true,"href":"https:\/\/vario-shirts.com\/index.php?rest_route=\/wp\/v2\/media\/1143"}],"wp:attachment":[{"href":"https:\/\/vario-shirts.com\/index.php?rest_route=%2Fwp%2Fv2%2Fmedia&parent=69"}],"wp:term":[{"taxonomy":"product_cat","embeddable":true,"href":"https:\/\/vario-shirts.com\/index.php?rest_route=%2Fwp%2Fv2%2Fproduct_cat&post=69"},{"taxonomy":"product_tag","embeddable":true,"href":"https:\/\/vario-shirts.com\/index.php?rest_route=%2Fwp%2Fv2%2Fproduct_tag&post=69"}],"curies":[{"name":"wp","href":"https:\/\/api.w.org\/{rel}","templated":true}]}}